rime factors of 448380.
2, 3, 5, 47, 53
What are the prime factors of 1705631?
59, 28909
List the prime factors of 789833.
11, 59, 1217
What are the prime factors of 6155725?
5, 73, 3373
List the prime factors of 993339.
3, 19, 37, 157
What are the prime factors of 719542?
2, 17, 21163
What are the prime factors of 19908834?
2, 3, 11, 301649
What are the prime factors of 20229831?
3, 137, 1823
List the prime factors of 9868578.
2, 3, 73, 22531
List the prime factors of 15249101.
7, 2178443
What are the prime factors of 243621?
3, 7, 1289
List the prime factors of 5239333.
11, 67, 7109
What are the prime factors of 33673570?
2, 5, 7, 481051
List the prime factors of 1702829.
1291, 1319
What are the prime factors of 9835702?
2, 1097, 4483
List the prime factors of 806538.
2, 3, 229, 587
What are the prime factors of 87480?
2, 3, 5
List the prime factors of 237778.
2, 61, 1949
List the prime factors of 248144.
2, 13, 1193
What are the prime factors of 1303818?
2, 3, 19, 11437
What are the prime factors of 19764093?
3, 73, 90247
What are the prime factors of 219025?
5, 8761
List the prime factors of 81716.
2, 31, 659
What are the prime factors of 17052838?
2, 11, 349, 2221
List the prime factors of 9560516.
2, 7, 341447
List the prime factors of 9505961.
359, 26479
List the prime factors of 4978766.
2, 13, 191491
What are the prime factors of 7999940?
2, 5, 13, 29, 1061
What are the prime factors of 10910248?
2, 1363781
What are the prime factors of 673717?
11, 73, 839
List the prime factors of 5566138.
2, 23, 5261
What are the prime factors of 1553422?
2, 13, 59747
What are the prime factors of 182938?
2, 7, 73, 179
List the prime factors of 23464.
2, 7, 419
What are the prime factors of 22801578?
2, 3, 3800263
What are the prime factors of 3385501?
7, 483643
What are the prime factors of 358938?
2, 3, 17, 23
What are the prime factors of 272043?
3, 167, 181
List the prime factors of 860606.
2, 430303
List the prime factors of 254285.
5, 50857
What are the prime factors of 870022?
2, 233, 1867
List the prime factors of 13349698.
2, 1307, 5107
List the prime factors of 240085.
5, 48017
List the prime factors of 193282.
2, 241, 401
What are the prime factors of 612523?
367, 1669
List the prime factors of 749652.
2, 3, 179, 349
List the prime factors of 23778064.
2, 739, 2011
What are the prime factors of 2261923?
863, 2621
What are the prime factors of 1730478?
2, 3, 288413
List the prime factors of 792253.
7, 11, 10289
List the prime factors of 4481901.
3, 497989
What are the prime factors of 968016?
2, 3, 7, 43, 67
List the prime factors of 128171.
67, 1913
What are the prime factors of 270607?
461, 587
What are the prime factors of 497064?
2, 3, 139, 149
List the prime factors of 561961.
561961
What are the prime factors of 94871?
7, 13553
List the prime factors of 36951227.
36951227
What are the prime factors of 6480979?
6480979
What are the prime factors of 89543?
151, 593
What are the prime factors of 75005?
5, 7, 2143
What are the prime factors of 2197213?
23, 95531
What are the prime factors of 9429804?
2, 3, 87313
What are the prime factors of 5647755?
3, 5, 47, 8011
What are the prime factors of 2664657?
3, 67, 491
List the prime factors of 3522329.
3522329
List the prime factors of 1273621.
107, 11903
What are the prime factors of 12040073?
12040073
What are the prime factors of 150546?
2, 3, 11, 2281
What are the prime factors of 1911301?
7, 273043
List the prime factors of 32578349.
4421, 7369
List the prime factors of 5362303.
29, 179, 1033
List the prime factors of 1588233.
3, 529411
What are the prime factors of 267188?
2, 66797
List the prime factors of 19038361.
19, 131, 7649
What are the prime factors of 11202196?
2, 23, 121763
List the prime factors of 1293865.
5, 23, 11251
What are the prime factors of 9479?
9479
List the prime factors of 163243.
163243
List the prime factors of 185987.
185987
What are the prime factors of 20036483?
20036483
What are the prime factors of 1346883?
3, 269, 1669
List the prime factors of 16749426.
2, 3, 271, 10301
What are the prime factors of 2758761?
3, 306529
What are the prime factors of 14259312?
2, 3, 99023
List the prime factors of 802423.
43, 18661
List the prime factors of 679563.
3, 25169
What are the prime factors of 603844?
2, 150961
What are the prime factors of 429609?
3, 19, 7537
List the prime factors of 806669.
79, 10211
List the prime factors of 551820.
2, 3, 5, 17, 541
What are the prime factors of 606874?
2, 37, 59, 139
List the prime factors of 210866.
2, 59, 1787
What are the prime factors of 4893765?
3, 5, 326251
What are the prime factors of 206407?
206407
What are the prime factors of 132467?
139, 953
List the prime factors of 1255150.
2, 5, 13, 1931
List the prime factors of 27873851.
27873851
What are the prime factors of 6320587?
7, 13, 69457
What are the prime factors of 1353580?
2, 5, 67679
What are the prime factors of 8939?
7, 1277
List the prime factors of 1327706.
2, 663853
List the prime factors of 3476535.
3, 5, 53, 4373
List the prime factors of 476025.
3, 5, 11, 577
List the prime factors of 179632.
2, 103, 109
List the prime factors of 1970046.
2, 3, 13, 8419
What are the prime factors of 18158299?
1283, 14153
List the prime factors of 2736731.
179, 15289
List the prime factors of 4069365.
3, 5, 71, 3821
List the prime factors of 16743165.
3, 5, 103, 10837
What are the prime factors of 315460?
2, 5, 15773
What are the prime factors of 17538928?
2, 11, 227, 439
List the prime factors of 3950604.
2, 3, 7, 61, 257
List the prime factors of 96958.
2, 48479
List the prime factors of 126658.
2, 7, 83, 109
List the prime factors of 1982038.
2, 619, 1601
What are the prime factors of 13361064?
2, 3, 71, 7841
What are the prime factors of 63976?
2, 11, 727
What are the prime factors of 4306001?
7, 107, 5749
What are the prime factors of 487984?
2, 7, 4357
List the prime factors of 19528227.
3, 2169803
List the prime factors of 2223691.
29, 76679
List the prime factors of 114031.
114031
List the prime factors of 1511076.
2, 3, 7, 17989
What are the prime factors of 8737713?
3, 107873
What are the prime factors of 1704147?
3, 568049
What are the prime factors of 1609801?
1609801
What are the prime factors of 362130?
2, 3, 5, 12071
What are the prime factors of 748179?
3, 59, 1409
What are the prime factors of 1143128?
2, 7, 137, 149
What are the prime factors of 4707178?
2, 7, 336227
What are the prime factors of 389079?
3, 17, 2543
List the prime factors of 4079544.
2, 3, 7, 3469
What are the prime factors of 186665?
5, 37, 1009
List the prime factors of 567875.
5, 7, 11, 59
What are the prime factors of 119322?
2, 3, 7, 947
List the prime factors of 189988.
2, 47497
What are the prime factors of 1431998?
2, 715999
List the prime factors of 453910.
2, 5, 19, 2389
List the prime factors of 1191666.
2, 3, 7, 17, 1669
What are the prime factors of 1608292?
2, 7, 71, 809
List the prime factors of 5617451.
7, 23, 37, 41
What are the prime factors of 178623?
3, 89, 223
What are the prime factors of 310506?
2, 3, 7, 7393
What are the prime factors of 1020503?
11, 113, 821
List the prime factors of 246569.
246569
What are the prime factors of 2851370?
2, 5, 389, 733
What are the prime factors of 518786?
2, 47, 5519
List the prime factors of 214437.
3, 71479
List the prime factors of 8580201.
3, 7, 29, 73, 193
What are the prime factors of 322457?
43, 7499
List the prime factors of 18293.
11, 1663
List the prime factors of 63721.
7, 9103
List the prime factors of 2436615.
3, 5, 18049
List the prime factors of 505164.
2, 3, 11, 43, 89
What are the prime factors of 842952?
2, 3, 11, 31, 103
What are the prime factors of 3615806?
2, 1807903
List the prime factors of 306491.
306491
List the prime factors of 5565965.
5, 1113193
List the prime factors of 19436877.
3, 37, 58369
List the prime factors of 14800210.
2, 5, 1480021
List the prime factors of 5594227.
19, 79, 3727
What are the prime factors of 19306?
2, 7, 197
What are the prime factors of 1054226?
2, 431, 1223
What are the prime factors of 7261245?
3, 5, 17929
What are the prime factors of 26000?
2, 5, 13
What are the prime factors of 2303062?
2, 53, 21727
List the prime factors of 3833702.
2, 53, 59, 613
List the prim